3 - 0))
1
Evaluate -1 - (-2 - (-41 - -34 - (-1 - 6))).
1
What is 8 + -4 + -5 - (1 - (-11 - 1))?
-14
-12 - (12 + -29) - 1
4
7 - (26 + 1) - -16
-4
What is the value of 6 + 1 + (4 - (-8 + 6 + 5))?
8
Calculate 12 + 10 + -14 + -1.
7
Evaluate (139 - 111) + -4 + -22.
2
Calculate -19 - (-7 + (4 - -5) + -8).
-13
-1 + 19 + (-331 - -316)
3
-54 + (39 - 22) + 19
-18
Evaluate (-6 - -4 - 0) + -8 + 0.
-10
What is -297 - -314 - (5 - -33)?
-21
5 - ((8 - (11 - 6)) + (11 - 2))
-7
Calculate 8 + 16 + (-4 - (-13 + 31)).
2
(-7 - -14) + -1 - 18
-12
What is -1 + (8 - 0 - (3 - -2))?
2
What is -376 + 377 - (-2 + -5)?
8
Calculate (2 + -5 - 3 - (2 - 9)) + -9.
-8
Evaluate -7 - -4 - (4 + -9 - 0).
2
What is the value of 4 + -33 + 37 + (-11 - 0)?
-3
What is 7 - (25 + 8) - -10?
-16
0 - 0 - -8 - (189 + -189)
8
What is (11 + (4 - 4) + -4 - -4) + -2?
9
What is 21 + (8 - 25) - -3?
7
What is the value of 7 + -27 + 24 - (1 + 2)?
1
What is the value of 13 - 7 - (-2 + (4 - 7))?
11
-53 + 56 - ((-5 - -6) + 27 + -2)
-23
What is the value of 6 + (-9 + 15 - -4) + -39?
-23
-1 - (12 - (12 + 4))
3
What is 3 - (0 + -7 - -16)?
-6
What is 10 + (-5 + -2 - 14)?
-11
Evaluate (17 - 0) + -6 + -9.
2
What is 26 + 25 - 40 - (-4 - (0 + 1))?
16
What is (0 - -1) + -6 + (34 - (-37 + 77))?
-11
0 + -8 + -12 + 43 - -12
35
Evaluate -11 - 3 - (-7 - (-1 + -3 - -5)).
-6
What is 2 + -1 + (-22 - -14) + 6?
-1
-13 + (4 - (-13 - -26))
-22
Evaluate -3 + (2 + 1 - (5 - (12 + -4))).
3
Calculate 19 + 11 + (-21 - -10).
19
What is the value of -5 + 8 + 4 - (8 + -12)?
11
Evaluate -5 + 15 + (1 - 12).
-1
Evaluate 11 + -67 + 72 - (0 - 11).
27
What is -162 - -119 - (0 + -19)?
-24
What is the value of 3 + (-13 - -14) + -12?
-8
Calculate (-62 + 31 - -20) + 28.
17
(-7 - (12 + -13)) + -7 - 7
-20
Evaluate -25 + (-6 - 2) - -3 - -15.
-15
Calculate 0 - -19 - (68 + (57 - 111)).
5
Evaluate -1 + (14 + -17 - (0 - 6) - 1).
1
(0 + 0 + 4 - -16) + -7
13
Evaluate -6 + 2 + 7 + -3 + 27 - 5.
22
Evaluate -8 + -2 + 64 + -55.
-1
Evaluate 8 - (-75 + 95 - (-9 - -1)).
-20
0 + -3 + -1 - (9 + 10 + -10)
-13
What is (14 + 2 - -5) + -78 + 71?
14
Evaluate (1 - 6 - 2) + (126 - 131).
-12
What is 7 + -3 + 9 + (-13 - 8)?
-8
(809 - 800) + -10 + 2
1
(-2 - (-12 - 2)) + (-4 + 28 - 25)
11
(2 - -3) + (-15 - -5 - -6)
1
Calculate 1 + 7 + 12 + -8 + -15.
-3
What is 0 - 23 - -16 - (2 + 4 + -30)?
17
-7 - ((1 - -4) + (-14 - -3) + 13)
-14
Calculate (-1 - (-15 + 2)) + 6 + -11.
7
Evaluate -28 - -46 - (11 - 9).
16
What is 27 + 1 - (3 + -4 - (32 + -41))?
20
Evaluate -26 + -11 + 42 + -9 + -1 + 11.
6
What is (0 - 0 - (33 + -14)) + -1 + 8?
-12
What is the value of 0 - 22 - (637 - 656)?
-3
What is the value of (-18 - -2) + 1 + 2 + -12?
-25
What is the value of -4 - (-86 - -98 - (13 - 2))?
-5
What is the value of (-9 - -18 - 6) + (0 - -1) - 12?
-8
What is the value of (-2 - -30) + 2 + -24?
6
What is the value of (51 - (-20 + 55)) + (-23 - -1)?
-6
What is the value of -20 - (-2 + 4 + -1 + -9 + 9)?
-21
-1 + 1 - (-110 + 125)
-15
Calculate (77 - 34) + -37 + (-3 - 1).
2
(-23 - (0 - 19)) + -11
-15
(-11 - (-10 - (-7 + 3))) + 9
4
Evaluate (14 - 4) + -9 - (-3 + -6).
10
What is the value of -14 + 15 + -13 + 17 - 12?
-7
Calculate (2 - -3) + 0 + 6 + 2 + -7.
6
30 + -17 + (-1 - -2) + -5
9
What is -5 + (5 - (8 - -3)) + -7 + 2?
-16
What is the value of -8 + (9 - 13) + 33 + -12?
9
Calculate -46 + (19 - (9 + -21)).
-15
Evaluate 53 + 10 + -34 + -4.
25
Calculate 3 - ((9 - 5 - -1) + 2).
-4
What is -39 + -9 + (13 - -12)?
-23
Calculate -203 + 187 - (0 - 11).
-5
(4 - (-5 - -6)) + (-15 - 1) + 1
-12
7 - (5 - (-12 + 6 + 0 + 6))
2
Evaluate -13 + (-5 - 0 - -2) + -1.
-17
(-5 - (-4 + 1)) + (-5 + 10 - 19)
-16
Calculate 8 - (-13 - -31 - 20).
10
What is the value of 3 + -3 + -3 - (1 + -5 + 3)?
-2
(-7 + 8 - 6) + 9 + (7 - 1)
10
Calculate 21 - (7 - (7 + -13)).
8
What is the value of -3 - 0 - 2 - (0 + 7 + -12)?
0
Calculate -1 + 1 + -1 + (-28 - -16) + 13.
0
Evaluate (3 - -3) + 17 + 10 + -15.
18
What is (19 - 0) + (-44 + 33 - (-2 + -9))?
19
Evaluate 1 - 9 - (-30 + 5).
17
Calculate 28 + -25 + (-5 + 0 - -12).
10
What is (-24 - -23 - (1 - 4 - 1)) + 9?
12
Calculate -1 - -15 - (40 - 33).
7
28 - (-30 + 43 - -42)
-27
Calculate 8 + -10 + -18 - (-10 - -3).
-13
What is the value of (-4 - 1 - 2) + (150 - 136)?
7
What is 14 - (5 - (-5 + -2))?
2
Evaluate 7 - (-6 - -5 - (-7 - 1) - -9).
-9
(19 + -11 - 1) + -15 + 4 + 3
-1
Calculate 2 + -1 + 14 - 13.
2
What is the value of -7 + 3 + -8 + 4 + (3 - 3)?
-8
Calculate 20 + -85 - -32 - -32.
-1
What is (-11 - -11) + -14 + 19 + (1 - 7)?
-1
Calculate -28 + (1 + 9 - -14).
-4
Calculate 19 + 11 + -29 + 11.
12
What is the value of 15 + (-13 + -11 - -13)?
4
Calculate -2 + -1 - -2 - (-148 - -160).
-13
Calculate -3 + 5 + -7 + 2 - 17.
-20
Calculate (0 + -15 - -18) + 6.
9
What is -6 + (12 + -9 + (-4 - 8) - -4)?
-11
(1 - 7) + 7 - (-6 + -2 + 2)
7
What is 4 + -6 + 3 - (-18 - -37 - 14)?
-4
Evaluate (-3 - 1) + (-3 + -1 - -3) - -3.
-2
What is the value of -5 - 0 - (77 - 76)?
-6
What is 0 - 12 - ((9 + 7 - -8) + -16)?
-20
What is the value of -17 + -6 + 15 + -37 + 15?
-30
What is -35 + 2 - -32 - -35?
34
Calculate 7 + (-16 - -7) + -7 + -1.
-10
(30 - 1 - 5) + 0 + -1 + -6
17
Calculate (-2 - -5) + 16 - (1 + (6 - 4)).
16
Calculate 7 - 0 - (9 + -7).
5
Evaluate (3 - -19) + 1 + (3 - 3).
23
Evaluate (-14 + 25 - 34) + (11 - -6).
-6
Evaluate 1 - 24 - (889 + -907).
-5
(-1 - -3) + -91 + 61
-28
(-4 - (-24 + 6)) + -4 + -9
1
16 + -10 + 12 + -34
-16
Evaluate 16 + -13 + (-5 - 2).
-4
Evaluate 0 + 0 + 9 + -2 + -3 + -1.
3
Calculate (-3 - (2 + 1)) + 2 - (9 + 1).
-14
Calculate (-13 - -6 - 1) + 5.
-3
Evaluate 19 - 40 - -28 - 24.
-17
Evaluate (-2 + -3 + 5 - -2) + -5 + 5.
2
What is 7 + 6 + -9 + -7 - 2?
-5
What is (2 - -6) + (-4 - (-11 - (-11 + 10)))?
14
Calculate (7 - (9 + -5 + -1)) + -34 + 20.
-10
(0 - -22) + (-4 - 13)
5
Evaluate -6 + (10 - 24 - -38).
18
What is 0 - (0 - (4 - -2)) - (9 - 8)?
5
Evaluate 5 + (-9 - (1 + -1 - 3)) + 7.
6
Calculate -4 + (-11 - -18) + (-1 + 0 - 6).
-4
What is -3 + -8 + (-9 - (-9 - 1))?
-10
1 - (14 - (6 - -2)) - (0 - 17)
12
Evaluate 8 + 1 + -1 + 0 + (-2 - 2).
4
What is -6 + -1 - (-17 - 3 - -16)?
-3
What is the value of 4 + (-17 - -14) + 3?
4
Calculate -22 + 15 + 4 + -7 + 10.
0
Calculate (23 + -16 - -5) + (-4 - -1).
9
What is the value of 32 + -10 + -1 + -11?
10
What is (-7 + -1 + 6 - -7) + -1?
4
What is (163 - 178) + (-1 - -4)?
-12
What is (-2 - 6 - (12 + -20)) + 5 + -1?
4
6 + (-15 - -14) + (-1 + -2 - -5)
7
What is 2 + 15 + 8 + 8 + -5?
28
Calculate 10 + (-17 - 0) + (5 - -4).
2
Evaluate (-1428 - -1441) + -1 + -15.
-3
Evaluate 9 - (-6 + (34 - 4 - 1)).
-14
Evaluate -15 + (-10 + 13 - -7).
-5
What is 5 + (1 - (-3 - -7))?
2
What is the value of -44 - ((-2 + 6 - -8) + -22) - -3?
-31
5 + (-8 - -15 - 27 - -8) + -8
-15
What is -10 + 5 + 5 + 2 + 5?
7
What is 0 + (-7 - -3) - (-8 + (8 - -11))?
-15
What is 13 + (5 - 12) - (6 - -3)?
-3
-1 - 3 - (4 - 8 - (0 + -20))
-20
What is 3 + (-4 - 4) + (2 - (6 - 7))?
-2
What is the value of 18 - 5 - 14 - -6?
5
Evaluate -6 - -3 - (14 - -1) - (-94 + 100).
-24
Evaluate 6 + 0 + -82 + 75 - -7.
6
-6 + 3 - -8 - 16
-11
Calculate 56 - 109 - -47 - (30 - 2).
-34
What is 57 - 62 - (5 - (18 - -3))?
11
Calculate -1 - ((43 - 45) + 19 + (2 - 0)).
-20
Calculate -11 + -9 + (0 + 3 - -7).
-10
Calculate 0 + -2 - -8 - (-349 - -349).
6
-1 - (-48 + 45 - (3 + (2 - 3)))
4
What is -11 - -25 - -2 - 11 - (1 - -37)?
-33
Evaluate (12 - (18 + 5)) + (-1 - (1 - 0)).
-13
Calculate -2 + -9 - (-75 + 34 + -1).
31
What is (-5 - (8 - -7 - 20)) + (0 - -1)?
1
What is the value of 0 + (-2 - -5) + (-36 + 16 - -5)?
-12
What is 4 - (-3 - -4) - (10 + 0)?
-7
-27 + (-5 + 9 - (-2 - (-1 + -2)))
-24
What is 170 - 162 - (3 + -16 + 3)?
18
What is the value of 23 - (27 + 11) - -15?
0
-6 - (-5 - (-6 + (-10 - -21)))
4
Calculate 8 - (1 + -2 + 6 + -10).
13
0 - (9 + (9 + -7 - 6))
-5
What is the value of -70 - -59 - (2 + -2)?
-11
-4 - (0 + 2 - (0 + 7 + -5))
-4
What is (5 - 27) + -15 + 51?
14
What is the value of 359 + -348 - (0 - 16) - 9?
18
Calculate 6 - ((3 + 6 - 12) + 4).
5
Calculate (-12 - -1) + 9 - 3.
-5
Calculate -26 - -31 - (-1 + 0 - -6).
0
Evaluate -2 - (-6 + 8 - (2 - 11)).
-13
What is the value of 17 + (9 + (2 - 12) - 2)?
14
-6 - (1 + (6 - (-2 - -6) - -2))
-11
Evaluate 4 + 3 - (27 + -24 + -4).
8
What is the value of (4 - -3) + 5 + 8 + -2 + -7?